f j and a?
8
Suppose 3*n + 630 = 4*u, 2*u + 24*n - 314 = 25*n. What is the highest common divisor of 4472 and u?
52
Suppose g + 5 = 4*o - 7, -g + 12 = 4*o. Suppose -m = -g*m + 65. Let u = m + 80. Calculate the greatest common divisor of 15 and u.
15
Let d be 52 - (36 - (-12 - -31)). Calculate the highest common divisor of 15295 and d.
35
Suppose 2*n + 3 = 5*z, 6*n + 3*z = 2*n + 33. Let k = -86197 - -86389. Calculate the greatest common divisor of k and n.
6
Let m be (4/6)/(1/135). Let q = -69089 - -69099. What is the greatest common divisor of q and m?
10
Let a = -11 + 16. Suppose 2*k - 17 = 5*h - 8*h, -5*k = -5*h - a. What is the greatest common divisor of h and 87?
3
Suppose 1 = 13*y - 14*y - 3*l, 24 = y - 2*l. What is the highest common divisor of y and 854?
14
Let r = 4305 - 3914. Calculate the highest common factor of 184 and r.
23
Suppose -19 = -5*j + 301. Suppose 29 = -3*k + 44. Suppose 5*q = 3*y - y - 16, 5*y - k*q = 40. Calculate the highest common factor of j and y.
8
Let v = 13 - -63. Suppose 1384 = 3*d + 247. Suppose -16*j - 75 = -d. What is the greatest common divisor of j and v?
19
Let p = 5347 + -5046. Calculate the highest common divisor of p and 7.
7
Let m(z) = -z**3 - 3*z**2 + 7*z + 17. Let f(u) = u**2 + u + 2. Let q(i) = 4*f(i) - m(i). Let c be q(-3). What is the highest common divisor of 24 and c?
12
Let d = 6078 - 6014. Suppose f + 4*f = 40. What is the highest common divisor of f and d?
8
Let d = 26 + -11. Let q be (8 - 5) + d + -5. Suppose -q*u = -u - 24. Calculate the greatest common divisor of u and 2.
2
Suppose -3*f - 4*y = -61, -3*f - 2*y = -6*y - 29. Let l be (162/f)/(-3)*(-105)/42. Calculate the greatest common factor of 2 and l.
1
Suppose 0 = 16*d - 34915 - 14045. Calculate the highest common factor of 476 and d.
68
Let a(d) = 6*d + 56. Let q be a(-8). Suppose -4*n - q = 0, 5*n + 11 - 61 = -c. What is the highest common factor of 210 and c?
30
Let j = -86 - -88. Suppose 2*a - 59 + 18 = 5*y, 4*a = j*y + 90. What is the highest common factor of a and 184?
23
Suppose 0 = 3*m + 27 + 243. Let a = m - -120. Let b = -15 + a. Calculate the highest common divisor of b and 255.
15
Let s(c) = 1072*c + 3228. Let h be s(-3). Suppose -5*f = -2*f - 15. Suppose -31 = -f*g + 9. Calculate the greatest common factor of g and h.
4
Let a(y) = 88*y**2 + 84*y + 294. Let z be a(-7). Calculate the greatest common factor of z and 70.
14
Suppose 0 = 2*n + 3*n + 20. Let h be (6/n)/(2/(-4)). Suppose 9 = -2*x + h*x. Calculate the highest common factor of 63 and x.
9
Let b(r) = -17*r - 1. Let f be b(-4). Let s = 61 - f. Let i be (-40)/s*(-513)/(-18). Calculate the highest common factor of 10 and i.
10
Suppose 47*q - 54*q = 294. Let y be (-4 + q)/((-4)/24). What is the highest common divisor of y and 6?
6
Let j be 45/(-30) + (-3)/(-2). Let v be ((j + -4)/(-4))/(2/(-4)). Let d be (36/60)/(v/(-70)). What is the highest common factor of 21 and d?
21
Let j be (-9)/24 + (-46343)/88. Let t = -525 - j. What is the greatest common divisor of 25 and t?
1
Let d(x) = -53*x + 2. Let k be d(4). Let r = k - -261. Calculate the greatest common factor of r and 187.
17
Suppose 5*m - 17 = -u, -4*m + 15 = -m - u. Let g(w) = 9*w**2 + 17*w + 16. Let r be g(-1). Calculate the highest common divisor of m and r.
4
Let m(i) = -2*i - 27*i**2 + 4*i + 33*i**2. Let w be m(-2). Let h = 582 + -577. Calculate the greatest common divisor of h and w.
5
Suppose -4*j - 3*l + 582 = 0, -7*l - 572 = -4*j - 5*l. What is the highest common factor of j and 9?
9
Let r = -7147 + 7228. Calculate the highest common divisor of 3 and r.
3
Suppose 5*w - 65 = 2*w - l, 3*l - 48 = -2*w. Calculate the greatest common factor of 2058 and w.
21
Suppose 0 = -18*a + 3951 + 2745. What is the greatest common divisor of a and 5487?
93
Suppose 7*t - 611 = -254. Calculate the greatest common divisor of 578 and t.
17
Let f be ((-68)/8 - -6)/((-2)/100). Suppose -j + 14 = 4*s, 5*s + f = 5*j + 5. What is the highest common divisor of j and 374?
22
Let u be (-879)/(-1172) - ((-5595)/12 - -2). Calculate the greatest common divisor of 555 and u.
15
Suppose -40*x + 46*x - 80*x = -76812. Calculate the greatest common factor of x and 1903.
173
Suppose -30*k - 2015 = -5615. What is the greatest common factor of k and 1820?
20
Let l = -128 - -322. Let j = l + -146. What is the greatest common factor of 168 and j?
24
Let r = -8106 - -22526. Calculate the highest common divisor of 40 and r.
20
Let v(t) = -18*t + 12. Let p be v(-18). Suppose 4*f - 5*f + p = 0. Suppose -129 = -5*i + f. Calculate the greatest common divisor of 31 and i.
31
Let q(v) = v**3 + 23*v**2 - 3*v - 46. Let i be q(-23). Suppose 28*z + 2*c - 23 = i*z, -z = c - 7. Calculate the greatest common factor of 126 and z.
3
Let r(m) = -14*m. Let z be r(-2). Let v be (187 - -51)*(-98)/(-119). Calculate the greatest common factor of z and v.
28
Let o = -358 + 579. Suppose 0 = 3*b + 10*b - o. Calculate the highest common factor of b and 153.
17
Suppose -4*n + 146 - 49 = -3*k, 4*n - 5*k - 103 = 0. Calculate the highest common factor of 74 and n.
2
Let z = 35 - 93. Let b be 35/21 + 114/(-9). Let l = b - z. What is the highest common factor of l and 423?
47
Suppose -2*a - 292*p = -297*p - 102, -5*p + 514 = 9*a. What is the highest common divisor of 2142 and a?
14
Suppose -278 + 307 = 2*u + s, -5*s = -3*u + 37. Calculate the greatest common factor of 3395 and u.
7
Let l(o) = o. Let h be l(7). Let z = -46 - 28. Let i = -25 - z. What is the highest common factor of i and h?
7
Suppose 4*i - 144*r - 165 = -145*r, -2*i = -2*r - 70. Calculate the greatest common factor of 13480 and i.
40
Let m = 34 - -1. Suppose -2 = -5*c + 4*y + 2, -3*c + 3*y = 0. Let o be (-4097)/(-13) + c/(-26). What is the greatest common factor of m and o?
35
Let i be (-1188)/(-66)*(-6)/2*-14. Suppose -468 = 750*r - i*r. What is the greatest common factor of r and 18?
6
Suppose -4*u - 21 = -5*u. Suppose 27 = -z + 37. Suppose -3381 = z*o - 33*o. What is the greatest common divisor of o and u?
21
Let d = -174 + 177. Suppose d*q = -x + 84, q - 4*x - 38 = -x. Let y = -150 - -237. What is the highest common divisor of y and q?
29
Let p = 1816 + -1777. What is the highest common divisor of p and 65?
13
Let x = -65 + 79. Let l be (-18)/(-42) + 7414/x. What is the highest common factor of l and 53?
53
Let t be (1 - (-3 - -1)) + -30 + (1 - -65). What is the greatest common factor of 3991 and t?
13
Let y = 348 + -349. Let r be ((-13)/((-585)/(-10)))/(y/18). Calculate the greatest common factor of r and 292.
4
Let n be 57/6 + (-2)/(-4). Suppose 0 = -8*t + 6 + 34. Suppose -t*p + 700 = 5*p. What is the greatest common divisor of p and n?
10
Suppose 54150 = 8*x - 47370. What is the greatest common factor of 15 and x?
15
Let w be 8 + (-221)/(-7) - (-4)/(-7). Let a be (9 - 14)*858/(-10). Calculate the greatest common factor of w and a.
39
Suppose 3*p = 3*b - 27, 27*b - 31*b + 37 = -3*p. Suppose i + 0*i - 170 = 0. What is the highest common factor of i and b?
10
Let i = -496 - -630. Suppose -i*f + 140*f = 60. Calculate the highest common factor of f and 16.
2
Suppose 0 = -22*h + 36*h - 5544. Suppose -143 = -8*b + 209. Calculate the greatest common factor of b and h.
44
Suppose -2*r + 3*k + 8 = 0, 51 = 7*r + 3*k - 31. Calculate the highest common divisor of r and 646.
2
Let k = 408 + -268. Suppose 3*d - 112 = -4*b, -4*d - 4*b + 8*b + k = 0. Calculate the greatest common factor of d and 54.
18
Let s(h) = -h**2 - 121*h - 1098. Let l be s(-111). What is the highest common divisor of 996 and l?
12
Suppose 0 = -h, -5*s + 728 = -2*h - 4907. What is the highest common factor of 23 and s?
23
Suppose -4775 - 9761 = -23*o. What is the highest common factor of 52 and o?
4
Suppose 0 = -b - 1, 2*b + 314 = 6*q - 3*q. Suppose 5*x + 175 = p + 2*p, -5*x = 3*p - 215. Calculate the highest common divisor of q and p.
13
Suppose -7*o + 1848 = y - 2*o, -o - 7329 = -4*y. What is the highest common divisor of y and 351?
39
Let m be 6/9 - (-2085376)/48. Calculate the highest common factor of 39 and m.
39
Let m(j) = 47*j - 179. Let k = -332 - -344. Let r be m(k). Calculate the greatest common divisor of r and 35.
35
Let g = 660 - 498. Calculate the greatest common factor of 1098 and g.
18
Suppose -f + 12 - 10 = 0. Let z be 109 + (f - 4) + 